{"id":1251,"date":"2009-12-22T04:55:06","date_gmt":"2009-12-22T09:55:06","guid":{"rendered":"http:\/\/brumed-marine.com\/?page_id=2"},"modified":"2025-05-01T17:17:08","modified_gmt":"2025-05-01T17:17:08","slug":"introduccion","status":"publish","type":"page","link":"https:\/\/brumed-marine.com\/home\/?page_id=1251","title":{"rendered":"Introducci\u00f3n"},"content":{"rendered":"\t\t<div data-elementor-type=\"wp-page\" data-elementor-id=\"1251\" class=\"elementor elementor-1251\">\n\t\t\t\t\t\t<div class=\"elementor-inner\">\n\t\t\t\t<div class=\"elementor-section-wrap\">\n\t\t\t\t\t\t\t\t\t<section class=\"elementor-section elementor-top-section elementor-element elementor-element-2434366 elementor-section-boxed elementor-section-height-default elementor-section-height-default\" data-id=\"2434366\" data-element_type=\"section\">\n\t\t\t\t\t\t<div class=\"elementor-container elementor-column-gap-default\">\n\t\t\t\t\t\t\t<div class=\"elementor-row\">\n\t\t\t\t\t<div class=\"elementor-column elementor-col-100 elementor-top-column elementor-element elementor-element-1efa9f93\" data-id=\"1efa9f93\" data-element_type=\"column\">\n\t\t\t<div class=\"elementor-column-wrap elementor-element-populated\">\n\t\t\t\t\t\t\t<div class=\"elementor-widget-wrap\">\n\t\t\t\t\t\t<div class=\"elementor-element elementor-element-29fe092e elementor-widget elementor-widget-text-editor\" data-id=\"29fe092e\" data-element_type=\"widget\" data-widget_type=\"text-editor.default\">\n\t\t\t\t<div class=\"elementor-widget-container\">\n\t\t\t\t\t\t\t\t<div class=\"elementor-text-editor elementor-clearfix\">\n\t\t\t\t<p><!-- [if gte mso 9]><xml><br \/>\n<w:WordDocument><br \/>\n<w:View>Normal<\/w:View><br \/>\n<w:Zoom>0<\/w:Zoom><br \/>\n<w:HyphenationZone>21<\/w:HyphenationZone><br \/>\n<w:PunctuationKerning\/><br \/>\n<w:ValidateAgainstSchemas\/><br \/>\n<w:SaveIfXMLInvalid>false<\/w:SaveIfXMLInvalid><br \/>\n<w:IgnoreMixedContent>false<\/w:IgnoreMixedContent><br \/>\n<w:AlwaysShowPlaceholderText>false<\/w:AlwaysShowPlaceholderText><br \/>\n<w:Compatibility><br \/>\n<w:BreakWrappedTables\/><br \/>\n<w:SnapToGridInCell\/><br \/>\n<w:WrapTextWithPunct\/><br \/>\n<w:UseAsianBreakRules\/><br \/>\n<w:DontGrowAutofit\/><br \/>\n<\/w:Compatibility><br \/>\n<w:BrowserLevel>MicrosoftInternetExplorer4<\/w:BrowserLevel><br \/>\n<\/w:WordDocument><br \/>\n<\/xml><![endif]--><\/p><p><!-- [if gte mso 9]><xml><br \/>\n<w:LatentStyles DefLockedState=\"false\" LatentStyleCount=\"156\"><br \/>\n<\/w:LatentStyles><br \/>\n<\/xml><![endif]--><!-- [if gte mso 10]><\/p>\n<style>\n \/* Style Definitions *\/<br \/> table.MsoNormalTable<br \/>\t{mso-style-name:\"Tabla normal\";<br \/>\tmso-tstyle-rowband-size:0;<br \/>\tmso-tstyle-colband-size:0;<br \/>\tmso-style-noshow:yes;<br \/>\tmso-style-parent:\"\";<br \/>\tmso-padding-alt:0cm 5.4pt 0cm 5.4pt;<br \/>\tmso-para-margin:0cm;<br \/>\tmso-para-margin-bottom:.0001pt;<br \/>\tmso-pagination:widow-orphan;<br \/>\tfont-size:10.0pt;<br \/>\tfont-family:\"Times New Roman\";<br \/>\tmso-ansi-language:#0400;<br \/>\tmso-fareast-language:#0400;<br \/>\tmso-bidi-language:#0400;}<br \/><\/style>\n<p><![endif]--><\/p><p>BruMed Marine es una empresa creada por peritos navales, y dedicada a las peritaciones de yates y superyates en las Islas Baleares. Nuestro principal mercado son las embarcaciones de recreo, yates y superyachts, pero tambi\u00e9n trabajamos para el sector de pesqueros, marina mercante, y embarcaciones de transporte de pasajeros.<\/p><p><img decoding=\"async\" loading=\"lazy\" class=\"aligncenter wp-image-1788 \" src=\"https:\/\/brumed-marine.com\/home\/wp-content\/uploads\/2019\/03\/portals-1.jpg\" alt=\"\" width=\"833\" height=\"468\" srcset=\"https:\/\/brumed-marine.com\/home\/wp-content\/uploads\/2019\/03\/portals-1.jpg 1920w, https:\/\/brumed-marine.com\/home\/wp-content\/uploads\/2019\/03\/portals-1-300x169.jpg 300w, https:\/\/brumed-marine.com\/home\/wp-content\/uploads\/2019\/03\/portals-1-768x432.jpg 768w, https:\/\/brumed-marine.com\/home\/wp-content\/uploads\/2019\/03\/portals-1-1024x576.jpg 1024w\" sizes=\"(max-width: 833px) 100vw, 833px\" \/>BruMed Marine se dedica a la inspecci\u00f3n de embarcaciones, y a la redacci\u00f3n de informes t\u00e9cnicos requeridos por las partes interesadas. Nuestro\u00a0 m\u00e1ximo objetivo es ofrecer un servicio personalizado y directo al cliente, el cu\u00e1l aportar\u00e1 transparencia y confianza de cara a la emisi\u00f3n del informe.<\/p><p>\u00a0<\/p><p><img decoding=\"async\" loading=\"lazy\" class=\"wp-image-1789 aligncenter\" src=\"https:\/\/brumed-marine.com\/home\/wp-content\/uploads\/2019\/03\/stp-IMG_5263-1024x768.jpg\" alt=\"\" width=\"953\" height=\"715\" srcset=\"https:\/\/brumed-marine.com\/home\/wp-content\/uploads\/2019\/03\/stp-IMG_5263-1024x768.jpg 1024w, https:\/\/brumed-marine.com\/home\/wp-content\/uploads\/2019\/03\/stp-IMG_5263-300x225.jpg 300w, https:\/\/brumed-marine.com\/home\/wp-content\/uploads\/2019\/03\/stp-IMG_5263-768x576.jpg 768w\" sizes=\"(max-width: 953px) 100vw, 953px\" \/><\/p>\t\t\t\t\t<\/div>\n\t\t\t\t\t\t<\/div>\n\t\t\t\t<\/div>\n\t\t\t\t\t\t<\/div>\n\t\t\t\t\t<\/div>\n\t\t<\/div>\n\t\t\t\t\t\t\t\t<\/div>\n\t\t\t\t\t<\/div>\n\t\t<\/section>\n\t\t\t\t\t\t\t\t\t<\/div>\n\t\t\t<\/div>\n\t\t\t\t\t<\/div>\n\t\t","protected":false},"excerpt":{"rendered":"<p>BruMed Marine es una empresa creada por peritos navales, y dedicada a las peritaciones de yates y superyates en las Islas Baleares. Nuestro principal mercado son las embarcaciones de recreo, yates y superyachts, pero tambi\u00e9n trabajamos para el sector de pesqueros, marina mercante, y embarcaciones de transporte de pasajeros. BruMed Marine se dedica a la [&hellip;]<\/p>\n","protected":false},"author":2,"featured_media":1658,"parent":0,"menu_order":1,"comment_status":"closed","ping_status":"open","template":"","meta":[],"yoast_head":"<!-- This site is optimized with the Yoast SEO plugin v20.12 - https:\/\/yoast.com\/wordpress\/plugins\/seo\/ -->\n<title>Introducci\u00f3n | BruMed Marine Surveyors<\/title>\n<meta name=\"robots\" content=\"index, follow, max-snippet:-1, max-image-preview:large, max-video-preview:-1\" \/>\n<link rel=\"canonical\" href=\"https:\/\/brumed-marine.com\/home\/?page_id=1251\" \/>\n<meta property=\"og:locale\" content=\"es_ES\" \/>\n<meta property=\"og:type\" content=\"article\" \/>\n<meta property=\"og:title\" content=\"Introducci\u00f3n | BruMed Marine Surveyors\" \/>\n<meta property=\"og:description\" content=\"BruMed Marine es una empresa creada por peritos navales, y dedicada a las peritaciones de yates y superyates en las Islas Baleares. Nuestro principal mercado son las embarcaciones de recreo, yates y superyachts, pero tambi\u00e9n trabajamos para el sector de pesqueros, marina mercante, y embarcaciones de transporte de pasajeros. BruMed Marine se dedica a la [&hellip;]\" \/>\n<meta property=\"og:url\" content=\"https:\/\/brumed-marine.com\/home\/?page_id=1251\" \/>\n<meta property=\"og:site_name\" content=\"BruMed Marine Surveyors\" \/>\n<meta property=\"article:modified_time\" content=\"2025-05-01T17:17:08+00:00\" \/>\n<meta property=\"og:image\" content=\"https:\/\/brumed-marine.com\/home\/wp-content\/uploads\/2018\/12\/IMG_20170731_091734-min.jpg\" \/>\n\t<meta property=\"og:image:width\" content=\"3264\" \/>\n\t<meta property=\"og:image:height\" content=\"2448\" \/>\n\t<meta property=\"og:image:type\" content=\"image\/jpeg\" \/>\n<meta name=\"twitter:card\" content=\"summary_large_image\" \/>\n<meta name=\"twitter:site\" content=\"@brumedmarine\" \/>\n<meta name=\"twitter:label1\" content=\"Tiempo de lectura\" \/>\n\t<meta name=\"twitter:data1\" content=\"1 minuto\" \/>\n<script type=\"application\/ld+json\" class=\"yoast-schema-graph\">{\"@context\":\"https:\/\/schema.org\",\"@graph\":[{\"@type\":\"WebPage\",\"@id\":\"https:\/\/brumed-marine.com\/home\/?page_id=1251\",\"url\":\"https:\/\/brumed-marine.com\/home\/?page_id=1251\",\"name\":\"Introducci\u00f3n | BruMed Marine Surveyors\",\"isPartOf\":{\"@id\":\"https:\/\/brumed-marine.com\/home\/#website\"},\"datePublished\":\"2009-12-22T09:55:06+00:00\",\"dateModified\":\"2025-05-01T17:17:08+00:00\",\"breadcrumb\":{\"@id\":\"https:\/\/brumed-marine.com\/home\/?page_id=1251#breadcrumb\"},\"inLanguage\":\"es\",\"potentialAction\":[{\"@type\":\"ReadAction\",\"target\":[\"https:\/\/brumed-marine.com\/home\/?page_id=1251\"]}]},{\"@type\":\"BreadcrumbList\",\"@id\":\"https:\/\/brumed-marine.com\/home\/?page_id=1251#breadcrumb\",\"itemListElement\":[{\"@type\":\"ListItem\",\"position\":1,\"name\":\"Portada\",\"item\":\"https:\/\/brumed-marine.com\/home\/\"},{\"@type\":\"ListItem\",\"position\":2,\"name\":\"Introducci\u00f3n\"}]},{\"@type\":\"WebSite\",\"@id\":\"https:\/\/brumed-marine.com\/home\/#website\",\"url\":\"https:\/\/brumed-marine.com\/home\/\",\"name\":\"BruMed Marine Surveyors\",\"description\":\"Al servicio de la n\u00e1utica y de sus usuarios\",\"publisher\":{\"@id\":\"https:\/\/brumed-marine.com\/home\/#organization\"},\"potentialAction\":[{\"@type\":\"SearchAction\",\"target\":{\"@type\":\"EntryPoint\",\"urlTemplate\":\"https:\/\/brumed-marine.com\/home\/?s={search_term_string}\"},\"query-input\":\"required name=search_term_string\"}],\"inLanguage\":\"es\"},{\"@type\":\"Organization\",\"@id\":\"https:\/\/brumed-marine.com\/home\/#organization\",\"name\":\"BruMed Marine Surveyors\",\"url\":\"https:\/\/brumed-marine.com\/home\/\",\"logo\":{\"@type\":\"ImageObject\",\"inLanguage\":\"es\",\"@id\":\"https:\/\/brumed-marine.com\/home\/#\/schema\/logo\/image\/\",\"url\":\"https:\/\/brumed-marine.com\/home\/wp-content\/uploads\/2018\/07\/cropped-Logo-BMS-Lloyds-finalitzat-e1534070371548.png\",\"contentUrl\":\"https:\/\/brumed-marine.com\/home\/wp-content\/uploads\/2018\/07\/cropped-Logo-BMS-Lloyds-finalitzat-e1534070371548.png\",\"width\":704,\"height\":204,\"caption\":\"BruMed Marine Surveyors\"},\"image\":{\"@id\":\"https:\/\/brumed-marine.com\/home\/#\/schema\/logo\/image\/\"},\"sameAs\":[\"https:\/\/twitter.com\/brumedmarine\"]}]}<\/script>\n<!-- \/ Yoast SEO plugin. -->","yoast_head_json":{"title":"Introducci\u00f3n | BruMed Marine Surveyors","robots":{"index":"index","follow":"follow","max-snippet":"max-snippet:-1","max-image-preview":"max-image-preview:large","max-video-preview":"max-video-preview:-1"},"canonical":"https:\/\/brumed-marine.com\/home\/?page_id=1251","og_locale":"es_ES","og_type":"article","og_title":"Introducci\u00f3n | BruMed Marine Surveyors","og_description":"BruMed Marine es una empresa creada por peritos navales, y dedicada a las peritaciones de yates y superyates en las Islas Baleares. Nuestro principal mercado son las embarcaciones de recreo, yates y superyachts, pero tambi\u00e9n trabajamos para el sector de pesqueros, marina mercante, y embarcaciones de transporte de pasajeros. BruMed Marine se dedica a la [&hellip;]","og_url":"https:\/\/brumed-marine.com\/home\/?page_id=1251","og_site_name":"BruMed Marine Surveyors","article_modified_time":"2025-05-01T17:17:08+00:00","og_image":[{"width":3264,"height":2448,"url":"https:\/\/brumed-marine.com\/home\/wp-content\/uploads\/2018\/12\/IMG_20170731_091734-min.jpg","type":"image\/jpeg"}],"twitter_card":"summary_large_image","twitter_site":"@brumedmarine","twitter_misc":{"Tiempo de lectura":"1 minuto"},"schema":{"@context":"https:\/\/schema.org","@graph":[{"@type":"WebPage","@id":"https:\/\/brumed-marine.com\/home\/?page_id=1251","url":"https:\/\/brumed-marine.com\/home\/?page_id=1251","name":"Introducci\u00f3n | BruMed Marine Surveyors","isPartOf":{"@id":"https:\/\/brumed-marine.com\/home\/#website"},"datePublished":"2009-12-22T09:55:06+00:00","dateModified":"2025-05-01T17:17:08+00:00","breadcrumb":{"@id":"https:\/\/brumed-marine.com\/home\/?page_id=1251#breadcrumb"},"inLanguage":"es","potentialAction":[{"@type":"ReadAction","target":["https:\/\/brumed-marine.com\/home\/?page_id=1251"]}]},{"@type":"BreadcrumbList","@id":"https:\/\/brumed-marine.com\/home\/?page_id=1251#breadcrumb","itemListElement":[{"@type":"ListItem","position":1,"name":"Portada","item":"https:\/\/brumed-marine.com\/home\/"},{"@type":"ListItem","position":2,"name":"Introducci\u00f3n"}]},{"@type":"WebSite","@id":"https:\/\/brumed-marine.com\/home\/#website","url":"https:\/\/brumed-marine.com\/home\/","name":"BruMed Marine Surveyors","description":"Al servicio de la n\u00e1utica y de sus usuarios","publisher":{"@id":"https:\/\/brumed-marine.com\/home\/#organization"},"potentialAction":[{"@type":"SearchAction","target":{"@type":"EntryPoint","urlTemplate":"https:\/\/brumed-marine.com\/home\/?s={search_term_string}"},"query-input":"required name=search_term_string"}],"inLanguage":"es"},{"@type":"Organization","@id":"https:\/\/brumed-marine.com\/home\/#organization","name":"BruMed Marine Surveyors","url":"https:\/\/brumed-marine.com\/home\/","logo":{"@type":"ImageObject","inLanguage":"es","@id":"https:\/\/brumed-marine.com\/home\/#\/schema\/logo\/image\/","url":"https:\/\/brumed-marine.com\/home\/wp-content\/uploads\/2018\/07\/cropped-Logo-BMS-Lloyds-finalitzat-e1534070371548.png","contentUrl":"https:\/\/brumed-marine.com\/home\/wp-content\/uploads\/2018\/07\/cropped-Logo-BMS-Lloyds-finalitzat-e1534070371548.png","width":704,"height":204,"caption":"BruMed Marine Surveyors"},"image":{"@id":"https:\/\/brumed-marine.com\/home\/#\/schema\/logo\/image\/"},"sameAs":["https:\/\/twitter.com\/brumedmarine"]}]}},"_links":{"self":[{"href":"https:\/\/brumed-marine.com\/home\/index.php?rest_route=\/wp\/v2\/pages\/1251"}],"collection":[{"href":"https:\/\/brumed-marine.com\/home\/index.php?rest_route=\/wp\/v2\/pages"}],"about":[{"href":"https:\/\/brumed-marine.com\/home\/index.php?rest_route=\/wp\/v2\/types\/page"}],"author":[{"embeddable":true,"href":"https:\/\/brumed-marine.com\/home\/index.php?rest_route=\/wp\/v2\/users\/2"}],"replies":[{"embeddable":true,"href":"https:\/\/brumed-marine.com\/home\/index.php?rest_route=%2Fwp%2Fv2%2Fcomments&post=1251"}],"version-history":[{"count":9,"href":"https:\/\/brumed-marine.com\/home\/index.php?rest_route=\/wp\/v2\/pages\/1251\/revisions"}],"predecessor-version":[{"id":1992,"href":"https:\/\/brumed-marine.com\/home\/index.php?rest_route=\/wp\/v2\/pages\/1251\/revisions\/1992"}],"wp:featuredmedia":[{"embeddable":true,"href":"https:\/\/brumed-marine.com\/home\/index.php?rest_route=\/wp\/v2\/media\/1658"}],"wp:attachment":[{"href":"https:\/\/brumed-marine.com\/home\/index.php?rest_route=%2Fwp%2Fv2%2Fmedia&parent=1251"}],"curies":[{"name":"wp","href":"https:\/\/api.w.org\/{rel}","templated":true}]}}